ose 5*y - 2*i - 583 = 0, -y + 6*i + w = 10*i. Calculate the greatest common factor of y and 9.
9
Suppose 3*r - 3166 = -121*p + 120*p, -2*p + 6287 = -3*r. Calculate the greatest common divisor of p and 69.
23
Let u be (-16)/(-40) - (-73)/5. Let w(k) be the third derivative of k**4/24 + k**3/6 - 5*k**2. Let p be w(4). Calculate the greatest common factor of p and u.
5
Let m = 267 + -172. Let s = m + -89. Suppose -5*c + 65 = -5*x, 3*c = s*c - 2*x - 34. What is the greatest common divisor of c and 40?
8
Suppose -4 = -z - 0. Suppose 11*h = z*h + 14. Let i be (-5)/h*(-384)/60. What is the greatest common divisor of 8 and i?
8
Let a(m) = -m**3 - 2*m**2 + 4*m + 7. Let v be a(-4). Let f = v + -18. Let t be (-30)/(f/15 + (-4)/3). Calculate the highest common divisor of t and 240.
30
Let k be (-1303)/(-5) - 0 - (-2 - 48/(-30)). What is the highest common factor of 377 and k?
29
Let m(d) = -4*d - 59. Let a be (-1826)/110 - 4/10. Let z be m(a). Calculate the highest common factor of 72 and z.
9
Suppose 65*f + 45 = 70*f. Let u = 37 + f. Suppose p = 2*p - 230. What is the highest common factor of u and p?
46
Let s(h) = -2*h + 12. Let y be s(6). Let z be (138/4 + y)/(15/20). What is the highest common divisor of 230 and z?
46
Let q = -4001 + 4093. What is the greatest common divisor of q and 1058?
46
Let v be 190/(-95) + 1/((-2)/(-460)). Calculate the greatest common factor of 133 and v.
19
Let z(y) = -y + 39*y**2 + 4 + 25*y**2 - 5*y + 17*y. Let i be z(-2). What is the highest common divisor of i and 28?
14
Let h(s) = -2*s. Let z(o) = 10*o - 20. Let g(b) = -6*h(b) - z(b). Let j be g(-3). Calculate the greatest common factor of j and 350.
14
Let n(b) = 5*b**3 - 3*b**2 - 48*b + 135. Let o be n(5). Calculate the highest common divisor of 7832 and o.
89
Let u be (3/(-2))/(6/(-40)). Let v(k) = k**3 + 12*k**2 + 18*k + 24. Let c be v(-8). Let p be (-170)/c*4/(-1). What is the greatest common divisor of u and p?
5
Let f = 3070 + -2587. Calculate the highest common factor of f and 736.
23
Let i be 90 - (9/21 - 10/7). Suppose 3*d - 25 = 11. Suppose 2*y - 10 = -4*r, -2*r = r + d. Calculate the highest common divisor of i and y.
13
Let b be -1 + -3 - 7/(-1). Suppose -8*n = -b*n + 470. Let f = n + 130. What is the greatest common factor of 9 and f?
9
Let i be (-3)/30 + (4 - 7048/(-80)). Calculate the greatest common factor of i and 506.
46
Let q be (1/((-4)/(-5)))/(3/1272). Let b = q - 181. Let h = -125 + b. What is the greatest common divisor of 28 and h?
28
Suppose d - 1115 = -x, -3*d - x + 3178 + 169 = 0. What is the greatest common factor of 155 and d?
31
Suppose -5*y - i + 25 = 0, 2*y - i - 2 = 8. Let l = -549 + 814. What is the greatest common divisor of l and y?
5
Suppose 4*u - 8 = -l, 12 - 44 = -4*u + 5*l. Let a be (21 - 0) + (u/1)/(-3). Let p be (3/(-4))/((-1)/40). Calculate the greatest common divisor of p and a.
10
Suppose 874 = 19*n - 1406. Calculate the greatest common factor of n and 315.
15
Suppose -p - 47*p + 7072 = -608. Calculate the greatest common factor of p and 352.
32
Let w = 0 + 6. Suppose 3*o = 3*k + 90, 0 = 561*o - 562*o - 4*k - 45. What is the highest common divisor of o and w?
3
Suppose -55*k + 1133 = -12782. Calculate the highest common divisor of 264 and k.
11
Suppose -j - 2*u - 8 = -3, -u - 13 = -3*j. Let h be ((-4)/1)/(j/(-99)*3). What is the highest common factor of h and 88?
44
Let x = -7555 + 7760. Calculate the highest common factor of 75 and x.
5
Suppose 68*t + 0*t - 2636 = -732. Calculate the highest common factor of t and 20.
4
Let d(m) = -m**2 + 54*m - 299. Let b be d(37). What is the highest common factor of b and 132?
66
Let j = 381 - 263. Let z = j - 58. Calculate the highest common factor of z and 105.
15
Let f(p) = p**2 + 156*p + 5871. Let l be f(-93). Suppose 0 = 3*j + 20 - 74. Let k be j - 1/3*0. Calculate the highest common factor of l and k.
6
Let a be -1*(6 + 286) + -4. Let f = 308 + a. What is the greatest common factor of f and 132?
12
Let g(z) = 165*z**2 + 20*z - 15. Let l be g(-3). What is the highest common divisor of 5 and l?
5
Let s be (1 - (942/(-10))/(-3))/(21/(-2835)). Calculate the highest common divisor of 288 and s.
72
Let l(g) = 2 + g - 1 + 1. Let w be l(16). Suppose 3*k - z - 8 = 0, -4*k = -4*z - 6 - w. Calculate the highest common factor of 11 and k.
1
Let u be (4/8)/(11/(-44)). Let b be ((1704/42)/2)/(u/(-7)). What is the greatest common divisor of 213 and b?
71
Let v = 473 - 470. Suppose v*m + 5*f - 482 = 0, 2 = f - 2. Calculate the highest common divisor of m and 110.
22
Let n be (2 + -3)*-1730 - (-7 + 4). Suppose -g - 4*g + n = 4*i, 355 = g + 5*i. Calculate the highest common divisor of 15 and g.
15
Suppose -14*w + 11683 = -13*w - 3*y, 4*y + 11686 = w. What is the greatest common divisor of w and 52?
26
Let u(k) = -3*k**3 - 5*k**2 - 4*k + 16. Let v be u(-4). Let n(t) = 4*t**2 + 4*t - 24. Let h be n(5). Calculate the greatest common factor of h and v.
48
Suppose 3*y - 4 = 2*k + 7, -13 = -4*k - y. Let o be (14 - -1) + (-2 - (k + -3)). What is the greatest common factor of 91 and o?
7
Suppose 0 = -5*p + 2 + 11 + 12. Calculate the highest common factor of p and 32.
1
Let j(r) = -r**2 - 12*r - 5. Let s be j(-11). Let k be s/(-8)*24/(-18). Calculate the highest common divisor of 2 and k.
1
Let i be -2*28/(-8)*1. Suppose f - 9 = -i. Suppose 0 = x - f*x + 1. What is the greatest common divisor of x and 1?
1
Let g = 12061 + -12041. What is the highest common divisor of g and 7660?
20
Let c = 1656 + -1639. Calculate the greatest common factor of 323 and c.
17
Let g(b) = b + 58. Let y be g(22). Let u = 11 + -9. Let o = u + 14. Calculate the highest common divisor of o and y.
16
Let b be ((-229)/(-5) + 1)*5. Suppose x - 3 = -3*h, 7*x - 4*x - 5*h + 5 = 0. Suppose x = 13*w - 8*w - 130. Calculate the highest common factor of b and w.
26
Suppose 0*r + r = 3*f + 21, -50 = -2*r + 4*f. Let c be (-6 - (-56)/6)*r. Calculate the greatest common divisor of c and 10.
10
Let s(k) = 492*k - 2804. Let t be s(6). Calculate the greatest common divisor of 4736 and t.
148
Let u = -681 - -681. Suppose s - w - 349 = u, 2*s + 16*w = 11*w + 663. What is the greatest common divisor of 16 and s?
8
Suppose 909*l = 5*r + 907*l - 489, -5*l = -r + 130. Let u = -910 - -1385. What is the highest common divisor of r and u?
95
Let o be 3*(13 - 17)*-6. Suppose 85 = 4*q - 75. Calculate the highest common factor of q and o.
8
Suppose 0 = 16*o - 265050 - 59780 - 41666. What is the greatest common factor of o and 52?
26
Let z = 55 - 34. Let g = 6407 - 6358. Calculate the greatest common divisor of z and g.
7
Let s = 14 - 10. Let r(c) = -6*c + 60. Let h be r(9). Suppose h*l - 56 = s*l. Calculate the greatest common factor of l and 308.
28
Suppose 475*b + 701 = 571*b + 29. Let r be 45/2*84/10. What is the greatest common factor of b and r?
7
Suppose 9*w = 18 - 45. Let x be (-8)/(-72)*12*w/(-2). Suppose -x*b = 0, -6*b = -4*u - 3*b + 588. Calculate the highest common divisor of 49 and u.
49
Let f = -108 - -201. Suppose 924 = 97*p - f*p. Calculate the greatest common divisor of 84 and p.
21
Let t = -87 - -433. Let q(l) = 43*l + 48. Let x be q(-1). Suppose x*d - 5*p + 0*p - 455 = 0, 4*d = -2*p + t. Calculate the greatest common divisor of d and 8.
8
Suppose f + 23*z - 21*z = 15, -5*f = -4*z - 75. What is the greatest common factor of f and 5505?
15
Suppose -12*d + 5*d = -168. Suppose -4*w + 4*k + 108 = 0, 5*k = 3*w + 4*k - 81. Calculate the highest common divisor of d and w.
3
Suppose 0 = -5*f + 2*f - 12. Let v be (100/(-5))/f + 71. What is the greatest common divisor of 8 and v?
4
Let c = 4663 - 4042. What is the highest common factor of 552 and c?
69
Suppose 0 = 22*j + 2*j + 648. Let p = 638 + j. What is the greatest common factor of 13 and p?
13
Let n be (-3)/2*1035/138*-8*1. What is the highest common divisor of n and 14130?
90
Suppose -2*h = 41 + 3. Let i = -430 - -420. Let p = i - h. Calculate the greatest common factor of p and 48.
12
Let u(x) = 10*x**2 - x - 9. Let g = -26 - -21. Let p be u(g). Let m = -22 + p. What is the greatest common divisor of 32 and m?
32
Let c = -37 - -61. Let a(f) = -12*f + 147. Let x be a(14). Let z be (x/6 + 3)/(4/(-128)). Calculate the highest common divisor of c and z.
8
Let t = -28990 + 38872. What is the highest c